*v, -4*v = -4. What is the tens digit of b?
2
Suppose -996 = -29*c + 35*c. Let g = -159 - c. What is the units digit of g?
7
Let d be ((1 - 9) + 3)*(-182)/5. Let f = d - 79. What is the hundreds digit of f?
1
Suppose -m + 2*m = -4*x - 61, 90 = -5*x - 4*m. Let s(z) = z**3 + 14*z**2 - 2*z - 10. Let b be s(x). Suppose -l + b = -0*l. What is the tens digit of l?
1
What is the units digit of 12/((-19)/((-117268)/16))?
9
Let o be 1/(-1) + 2*(-66)/(-12). What is the hundreds digit of o/5 - (-107 + 0)?
1
Let q = 19 + -15. Suppose m + m = q. Suppose 2*j - 24 - 64 = -4*g, -m*j + 2*g + 70 = 0. What is the tens digit of j?
3
What is the thousands digit of ((-1)/(-14)*-11548)/(20/(-70))?
2
Suppose -4*f + 899 = 119. What is the tens digit of f?
9
Let z(k) = 280*k + 16. What is the thousands digit of z(7)?
1
What is the hundreds digit of (-2 + -1)/(6/(-382))?
1
Let g = 54 + 10. Suppose 3*z - g = z. What is the tens digit of z?
3
Suppose -4*i = i - 20. Let a be ((-4)/(i/(-3)))/(-1). Let s = 0 - a. What is the units digit of s?
3
Suppose 22*c + 1112 = 24*c. What is the units digit of c?
6
Let n be (-1083)/38*2/(-3). Suppose 24*s - 405 = n*s. What is the tens digit of s?
8
Suppose 2*r = 9*r - 1141. What is the tens digit of r?
6
Let j be -6 + 3 + 0 + 199. Let c = j - 140. What is the tens digit of c?
5
Let f = 78 - 52. What is the units digit of f*(6 + (-8)/2)?
2
Suppose 7*p = 3*p + 4*r + 3624, 0 = -p + 2*r + 908. What is the units digit of p?
4
What is the tens digit of ((-4756)/(-6))/((-28)/12 + 3)?
8
Let i = -3085 - -5055. What is the hundreds digit of i?
9
Let j(x) be the third derivative of -x**4/24 + 29*x**3/2 - 34*x**2. What is the tens digit of j(0)?
8
Let p be (-95)/(-20) + -1*(-2)/8. Suppose 5*f + 134 = 3*d, -2*d - p*f = -3*f - 100. What is the tens digit of d?
4
Suppose -t = 5*t + 12. Let s be 75*((-4)/12 - 0). What is the units digit of (-195)/s + t/(-10)?
8
Let a(t) = t + 8. Let b be a(-6). Let r(p) = 18*p. What is the tens digit of r(b)?
3
Let k(v) = -v**2 + 5*v - 1. Let o be k(3). Suppose -248 = -o*t + 47. Suppose -u + 2*u = t. What is the units digit of u?
9
Let n = -47 - -289. Let z(j) = j**2 + 12*j - 80. Let s be z(-17). Suppose -32 = s*x - n. What is the tens digit of x?
4
Suppose -8*h - 450 = -2*h. Let d be 6/(-36) - 646/12. Let g = d - h. What is the tens digit of g?
2
Suppose 4795 = 5*i - 5*v, -3*i + 8*i - 4822 = -4*v. What is the tens digit of i?
6
Suppose -508*h + 477*h = -59489. What is the tens digit of h?
1
Suppose 6 = -t - 5*b + 4*b, -4*b = 0. Suppose k - 9 - 2 = 0. What is the tens digit of k*2 + (-4 - t)?
2
Suppose -3*u + 4*c = 32, -3*u + 5*c - 10 = 24. Let y = u - -9. What is the units digit of y?
1
Suppose -2*z + 5*c + 203 - 50 = 0, c + 333 = 4*z. Suppose 0 = 5*r - 0*r - 20, 4*r + z = 4*v. What is the tens digit of v?
2
Let f be 17/(2 + 15/(-6)). Let r = f - -125. What is the tens digit of r?
9
Let q(x) = -4*x**2 + 87*x - 1. Let g be q(20). Let v(w) = w - 3. Let y be v(5). Suppose 0 = -y*r + g - 23. What is the tens digit of r?
5
Suppose -41*c + 11815 = -24*c. What is the units digit of c?
5
Let y = 8935 + -6214. What is the hundreds digit of y?
7
Let h = -2 - 2. Let w(v) = 3*v**2 - 3*v + 9. What is the tens digit of w(h)?
6
Let d(k) = k**3 + 14*k**2 + 3*k - 14. Let u be d(-14). Let a = 24 - u. What is the tens digit of a?
8
Suppose 0 = 5*r + 113 - 43. Let m = r - -33. What is the tens digit of m?
1
Let q(r) = -3*r**2 - r. Let c be q(-2). Let p(i) = -i**3 + 6*i**2 - 5*i + 8. Let g be p(4). What is the tens digit of 84/c*g/(-8)?
2
Let z(d) be the first derivative of 4*d**3 - d**2/2 - d + 1. Suppose -5 = -0*l + 5*l. What is the units digit of z(l)?
2
Suppose 0 = 11*z - 153 - 628. Suppose -3*u = 4*g - 828, 2*u = 4*g - z - 737. What is the units digit of g?
4
Let t = 132 + 35. What is the hundreds digit of t?
1
What is the tens digit of 3505767/1278 + (-1)/6?
4
Let n(q) be the third derivative of -q**4/12 - 5*q**3/3 - q**2. Let s be n(-5). Suppose 0*r + 4*r - 20 = s, 2*l + 4*r = 40. What is the tens digit of l?
1
Let a(r) = -2*r - 24. Let j be a(-15). What is the tens digit of (4 + 2 + -3)*278/j?
3
Suppose 3*n - f + 6*f - 3634 = 0, 2*n - 2*f - 2428 = 0. What is the hundreds digit of n?
2
Suppose -q = -3*q - 68. Suppose -7*z = -484 + 50. Let i = q + z. What is the units digit of i?
8
Let n(l) = 7*l - 4. Let o(m) = 6*m - 3. Let w(y) = -5*n(y) + 6*o(y). Let s be w(3). Suppose 48 + 22 = s*z. What is the units digit of z?
4
Let r be (-6)/(-15) - 3/(-5). Let y(h) = 3*h**2 - h + 1. Let c be y(r). Suppose 5*a = z + 58, c*a + 2*z - 24 = -z. What is the tens digit of a?
1
Let o(i) = 140*i - 61. What is the tens digit of o(9)?
9
What is the tens digit of -6 - (-8 + 2) - (1 + -487)?
8
Suppose -3*i + 0*f = 2*f - 2098, 5*f + 2084 = 3*i. Suppose 2*s + 138 = v + s, -5*v = 3*s - i. What is the units digit of v?
9
Let o = 3768 + -2436. What is the thousands digit of o?
1
Suppose -3*f - 36 = -6*f. Let b(t) = -t**2 + 14*t - 17. Let u be b(f). Suppose 35 = 5*r - h, r + u = h + 2*h. What is the units digit of r?
8
Suppose 3*c - 2*k - 17 = 21, k - 16 = -2*c. What is the units digit of (-38)/(-95) + 2136/c?
4
Let x be (6/(-8))/(((-15)/(-36))/(-5)). Suppose -2 = x*w - 56. What is the units digit of w?
6
Suppose 4*s - 1296 = s. Suppose -s = 7*a - 11*a. Suppose a = 4*f - b, 2*b - 122 = -5*f - 0*b. What is the tens digit of f?
2
Let z(u) = -5*u**2 - 8*u + 3. Let i(q) = -11*q**2 - 16*q + 6. Let o(t) = 4*i(t) - 9*z(t). Let n be o(-8). What is the tens digit of ((-3)/n - 3) + 33?
3
Let n be (-1)/(-2 - (-27)/15). Let y be (4/(-1))/(n - 7). What is the units digit of (-288)/(-10) - y/(-10)?
9
Suppose 8 = -2*s, s - 174 = -q - 0*q. What is the tens digit of q?
7
Suppose -z = 4*z + 50. Let t = 15 + z. Suppose -t*i = -0*i - 150. What is the tens digit of i?
3
Let v be -130*1/(-2) - 4. Let g = -41 + v. What is the tens digit of g?
2
Let f = -420 - -1820. What is the tens digit of f?
0
Let s = -2588 + 3646. What is the tens digit of s?
5
Let m = 15 - 9. Let p = m + -2. What is the tens digit of p/(-16) + 228/16?
1
Let c(o) = -4*o**3 + 3*o**2 + 12*o + 6. Let w(v) = 9*v**3 - 6*v**2 - 23*v - 12. Let b(q) = -7*c(q) - 3*w(q). What is the units digit of b(7)?
5
Let f(w) = -187*w + 20. What is the hundreds digit of f(-1)?
2
Let h be (13 + 2)*93/5. Let b = -198 + h. What is the tens digit of b?
8
Let a(u) be the third derivative of u**6/120 - u**4/8 + 13*u**3/6 + 16*u**2. What is the units digit of a(4)?
5
Let a(c) = 6*c**3 - 4*c**3 + 2 + 5 - 2*c**2 + 3*c + 2. What is the tens digit of a(5)?
2
Suppose -5*t = -6*t + 48. Let f = t + -29. What is the units digit of f?
9
Suppose 2*h = -5*r + 23, 20 + 1 = 2*h + 3*r. What is the units digit of -30*((-60)/h)/5?
0
Let g be ((-2)/(-3))/((-14)/(-105)). Suppose -g*f + 160 = -25. Suppose r - 64 = -4*v + 19, 2*v = -5*r + f. What is the units digit of v?
1
Suppose -3*l + 1 = -11. Suppose -y = -b - 14, -l*b + 96 = 4*y - 0*b. What is the tens digit of y?
1
Let f(b) = b**3 - 5*b**2 - 6*b - 8. Let u be f(6). Let n(l) = -11*l + 9. What is the units digit of n(u)?
7
Let d = 116 - 113. Suppose 5*w + d*m - 500 = 0, -5*w + 4*m = -10*w + 500. What is the tens digit of w?
0
Let y be (-3)/2*4/(-3). Suppose -6 = s + y*s. What is the units digit of s*((-4)/8 + 0)?
1
Suppose 3*u - 2*u - 2 = 0. Suppose u*b + 10 = 0, 4*s - 5*b + 0*b = 65. Let c = s - 9. What is the units digit of c?
1
What is the units digit of -3*(0 - 25/15) + 246?
1
Suppose -p - a = -2*p + 271, -4*a + 1076 = 4*p. Let j = -133 + p. What is the units digit of j?
7
Let y be 4/(-14) + (-4)/(-14). Let t = y - -3. Suppose 0 = -0*k + t*k - 99. What is the tens digit of k?
3
Suppose 3426 = 6*c - 3636. What is the tens digit of c?
7
Suppose -23*b + 2920 = -18*b. What is the tens digit of b?
8
Let m = 13 + -6. Let z be (-5)/(-10) - m/(-2). Suppose 3*i - 54 = 3*b, z - 2 = -b. What is the tens digit of i?
1
Let g be (-24876)/(-90) + 2/(-5). Suppose -2*o + j + 320 = 36, -2*o - j + g = 0. What is the hundreds digit of o?
1
Let x = 12478 - 8849. What is the hundreds digit of x?
6
Let o be (2/(-6))/(((-15)/369)/5). Suppose 0*w + 4*w = 16, q - w = o. What is the tens digit of q?
4
Suppose 3*x - 75 = -5*h, -2*x - 3*h = -4*x + 31. Let d = -66 + 38. Let k = x - d. What is the tens digit of k?
4
Let m(g) be